
-2542
Let n(i) = -1574*i - 635899. Determine n(-404).
-3
Let n(i) = 342*i + 11487. Give n(-34).
-141
Let n(c) = 534*c + 82909. Calculate n(-155).
139
Let t(i) = 107*i - 10035. Give t(92).
-191
Let h(o) = 4*o**2 + 3700*o - 7430. Give h(2).
-14
Let i(a) = 544*a + 4159. What is i(-6)?
895
Let j(q) = -884*q - 10177. Give j(-11).
-453
Let w(p) = -p**3 - 45*p**2 + 329*p + 149. What is w(-51)?
-1024
Let p(n) = -6475*n + 440350. What is p(68)?
50
Let n(t) = t**3 + 14*t**2 - 688*t - 7312. Calculate n(-10).
-32
Let b(f) = -1135*f**2 + 15*f - 9. Give b(1).
-1129
Let t(b) = 359036*b - 3949398. What is t(11)?
-2
Let x(t) = t**3 - 469*t**2 + 4180*t - 300. Determine x(9).
60
Let g(u) = 2*u**3 - 405*u**2 - 14225*u + 2794. Determine g(233).
-2
Let b(i) = 4*i**3 + 14*i**2 - 126*i + 16. What is b(5)?
236
Let z(l) = 862*l - 1817. What is z(1)?
-955
Let a(w) = -31050*w - 62099. Give a(-2).
1
Let n(m) = 61*m**2 + 10788*m + 21338. Give n(-2).
6
Let q(d) = 1245*d - 465603. What is q(374)?
27
Let m(i) = 500*i + 23601. Determine m(-47).
101
Let r(f) = -17*f**2 + 1380*f - 220. Give r(81).
23
Let l(b) = -39231*b - 78477. Calculate l(-2).
-15
Let s(x) = -6*x**2 - 697*x - 3996. Determine s(-111).
-555
Let v(l) = 40713*l + 732845. What is v(-18)?
11
Let b(k) = -4557*k - 305334. Determine b(-67).
-15
Let x(y) = -y**3 - 15*y**2 + 235*y + 3289. What is x(-16)?
-215
Let o(h) = -2*h**2 - 998*h + 202965. Calculate o(-654).
225
Let f(z) = 99335*z - 496594. Give f(5).
81
Let k(d) = 579*d + 41722. Give k(-72).
34
Let y(f) = 7766*f + 77394. Calculate y(-10).
-266
Let o(z) = -714*z + 2885. Determine o(4).
29
Let w(r) = r**3 - 1030*r**2 - 118*r - 11. Determine w(0).
-11
Let r(y) = -605*y + 18186. What is r(33)?
-1779
Let c(v) = v**2 + 36*v - 2521. Calculate c(-50).
-1821
Let i(t) = -5*t**2 + 4933*t - 39551. Calculate i(8).
-407
Let a(x) = 157*x - 5806. Calculate a(37).
3
Let w(m) = 2*m**2 - 376*m + 7888. Determine w(164).
16
Let v(c) = -69733*c - 2859044. What is v(-41)?
9
Let a(c) = -52803*c + 18745056. What is a(355)?
-9
Let q(u) = u**3 - 47*u**2 - 134*u - 380. Determine q(50).
420
Let n(l) = 69149*l + 968089. Give n(-14).
3
Let i(x) = x**3 - 37*x**2 - 122*x + 1686. Calculate i(39).
-30
Let m(u) = u**2 + 2060*u + 814. What is m(0)?
814
Let x(t) = -116*t**2 + 2093*t - 89. Calculate x(18).
1
Let i(c) = -36*c**2 + 2255*c - 20493. What is i(9)?
-3114
Let b(a) = -112*a**2 + 286*a + 315. Determine b(-1).
-83
Let o(n) = 15924*n + 541414. Calculate o(-34).
-2
Let s(h) = -6*h**3 - 239*h**2 + 281*h + 9605. Calculate s(-40).
-35
Let m(z) = z**3 - 484*z**2 + 44156*z + 1027. Determine m(122).
51
Let h(y) = -2*y**3 - 154*y**2 + 148*y + 248. Give h(-78).
872
Let b(k) = k**3 + 2*k**2 + 5680*k + 17041. Calculate b(-3).
-8
Let f(r) = 2*r**3 + 154*r**2 + 292*r - 531. What is f(-75)?
69
Let z(g) = -g**3 + 2751*g**2 - 11012*g. Give z(4).
-96
Let x(s) = 1578*s + 25137. Calculate x(-17).
-1689
Let m(y) = 279*y - 37878. Give m(137).
345
Let d(f) = 4324*f + 2888451. Determine d(-668).
19
Let u(w) = 14*w**2 - 256*w - 97313. Calculate u(93).
-35
Let v(a) = -3*a**2 + 457*a - 4665. What is v(11)?
-1
Let a(f) = 481*f - 11065. What is a(23)?
-2
Let a(r) = -3689*r - 77345. What is a(-21)?
124
Let t(k) = -k**2 + 16*k - 426. Calculate t(25).
-651
Let q(a) = -466*a**3 - 2799*a**2 - 82*a - 391. What is q(-6)?
-7
Let u(o) = -2*o**3 - 13*o**2 - 2229*o - 47590. Calculate u(-18).
-16
Let z(c) = -2*c**3 + 26*c**2 + 240*c + 214. Give z(-1).
2
Let n(i) = 3*i**2 - 26*i - 266. Determine n(-7).
63
Let k(f) = 2086*f - 23022. What is k(11)?
-76
Let w(y) = -517497*y + 1034986. Give w(2).
-8
Let v(u) = u**3 - 109*u**2 + 1490*u - 279. Give v(93).
-93
Let a(l) = -l**3 + 861*l**2 - 9343*l - 58. Calculate a(11).
19
Let q(c) = -c**3 + 111*c**2 - 1964*c + 213. Calculate q(89).
-321
Let p(a) = -a**3 + 161*a**2 + 488*a + 35. Calculate p(164).
-621
Let s(q) = -q**2 + 966*q - 10536. What is s(11)?
-31
Let c(t) = -34*t**3 + t**2 + 56*t - 55. What is c(1)?
-32
Let t(x) = x**2 + 2790*x + 16737. Calculate t(-6).
33
Let i(g) = 855*g - 24974. Give i(29).
-179
Let y(s) = 3*s**2 - 2125*s + 265457. What is y(162)?
-61
Let q(y) = y**3 + 18*y**2 - 211*y - 3099. Determine q(-21).
9
Let k(q) = -10526*q + 20845. Calculate k(2).
-207
Let b(j) = -84*j + 6746. Calculate b(75).
446
Let w(h) = 3*h**2 + 3176*h - 32055. Give w(10).
5
Let z(d) = 639*d - 92787. Calculate z(145).
-132
Let l(s) = -s**3 + 35*s**2 + 144*s + 18. Calculate l(-4).
66
Let p(z) = -11*z**3 + 4*z**2 + 159*z + 155. Determine p(-1).
11
Let g(p) = -p**3 - 251*p**2 - 7009*p - 234. Calculate g(-219).
-15
Let c(a) = 23*a**2 - 66*a + 1. What is c(-3)?
406
Let a(n) = -66*n**2 - 15102*n - 12358. Determine a(-228).
-46
Let z(a) = 32*a**2 + 2537*a + 2539. What is z(-1)?
34
Let g(z) = 9*z**2 - 239*z - 4345. Calculate g(-18).
2873
Let z(g) = 5*g**3 + 58*g**2 + 18*g + 500. What is z(-12)?
-4
Let t(b) = -b**3 + 190*b**2 - 825*b + 15057. Give t(186).
-9
Let l(s) = -4*s**2 + 132*s + 200. Determine l(29).
664
Let i(o) = -729*o**2 - 7293*o - 48. Determine i(-10).
-18
Let n(u) = -u**3 + 953*u**2 - 2083*u + 172123. Determine n(951).
-8
Let i(t) = 21*t**3 + 251*t**2 + 13*t + 298. Calculate i(-12).
-2
Let p(k) = -9*k**2 + 124*k - 481. Give p(11).
-206
Let p(v) = -4*v**2 + 67*v + 3541. What is p(-22)?
131
Let s(t) = 81*t + 1774. What is s(-30)?
-656
Let f(k) = -59*k**2 - 4181*k + 519. Calculate f(-71).
-49
Let l(c) = 46*c**3 - 11728*c**2 - 523*c + 3312. What is l(255)?
-3
Let r(v) = 4*v**2 - 742*v + 19582. Determine r(153).
-308
Let s(p) = -52*p + 6254. Give s(140).
-1026
Let p(r) = -r**3 - 9*r**2 - 96*r - 148. Calculate p(-9).
716
Let g(t) = 51*t**3 - 10*t**2 - 1441*t - 1432. Determine g(-1).
-52
Let b(l) = -l**2 - 332657*l + 2328645. Determine b(7).
-3
Let n(a) = -a**3 - 169*a**2 + 380*a + 5933. What is n(-171)?
-565
Let i(t) = t**3 + 111*t**2 + 730*t + 230. Give i(-104).
22
Let y(h) = h**3 - 94*h**2 - 258*h + 15669. What is y(95)?
184
Let b(r) = -159*r - 2857. What is b(-18)?
5
Let x(q) = -404*q + 43270. Calculate x(107).
42
Let f(a) = 12*a**3 + 154*a**2 - 44*a - 169. Determine f(-13).
65
Let k(u) = -98*u - 19183. Calculate k(-196).
25
Let j(t) = t**3 + 49*t**2 + 676*t + 64509. Calculate j(-57).
-15
Let m(v) = -248*v - 4304. What is m(-18)?
160
Let x(v) = -65*v**2 - 311*v + 61. What is x(-5)?
-9
Let k(q) = -10*q**3 + 17*q**2 - 47*q - 8. Give k(4).
-564
Let b(m) = -32*m**3 + 21*m**2 - 478*m + 459. Calculate b(1).
-30
Let o(f) = -3275*f + 29600. Calculate o(9).
125
Let j(t) = 1033*t + 10391. What is j(-10)?
61
Let b(k) = 10265*k - 236054. Give b(23).
41
Let h(s) = s**3 + 90*s**2 - 92*s + 715. Give h(-91).
806
Let f(t) = -t**2 + 31169*t - 342731. Calculate f(11).
7
Let l(x) = -x**3 - 235*x**2 + 3946*x - 17568. Determine l(-251).
2
Let y(g) = 7*g**3 - 10*g**2 + 629*g - 1867. Calculate y(3).
119
Let q(n) = -34835*n - 383191. What is q(-11)?
-6
Let r(i) = 11*i**2 + 1431*i + 9479. Determine r(-7).
1
Let q(l) = 1305*l + 331541. Calculate q(-254).
71
Let c(g) = -2*g**3 - 525*g**2 - 6720*g + 384. Determine c(-249).
-363
Let o(f) = f**3 - 47*f**2 + 32*f - 3703. Calculate o(48).
137
Let p(o) = -175428*o + 350873. Give p(2).
17
Let a(p) = -308*p**2 + 49896*p + 160. Give a(162).
160
Let b(q) = 9*q**2 - 1126*q + 536. Give b(119).
-6009
Let j(p) = 626*p**3 - 11*p**2 + 8*p + 3. What is j(1)?
626
Let m(c) = -365*c**2 + 3650*c - 67. Calculate m(10).
-67
Let s(t) = -14*t**2 + 35*t + 1823. Give s(13).
-88
Let c(q) = -2266*q - 52126. Give c(-23).
-8
Let k(j) = -j**3 - 102*j**2 + 2302*j + 354. Calculate k(-121).
-9
Let k(f) = 3442*f + 113589. Determine k(-33).
3
Let h(m) = 1516*m + 92766. Calculate h(-61).
290
Let y(b) = 482*b**2 + 303659*b - 631. What is y(-630)?
-1
Let n(o) = 140*o + 62260. Determine n(-441).
520
Let f(b) = -6*b**3 - 61*b**2 - 144*b + 6. Calculate f(-7).
83
Let z(g) = 60*g**2 - 320*g - 110. Determine z(6).
130
Let g(i) = -40408*i + 7354255. Determine g(182).
-1
Let s(b) = -38*b**3 - 2*b**2 + 3515*b - 10512. Give s(3).
-1011
Let i(t) = -t**2 - 57*t - 302. Calculate i(-7).
48
Let f(j) = -j**3 + 93*j**2 - 3517*j + 327076. Determine f(93).
-5
Let u(b) = 80982*b + 2186513. Give u(-27).
-1
Let q(b) = -2*b**3 + 4*b**2 - 46*b - 144. Determine q(10).
-2204
Let v(j) = -736*j - 227. What is v(0)?
-227
Let o(d) = -62750*d 